at is the highest common divisor of 11803 and 14831267?
319
Calculate the highest common divisor of 14 and 181121.
1
Calculate the greatest common divisor of 29 and 512406887.
29
Calculate the greatest common divisor of 10097 and 2782471.
23
Calculate the greatest common divisor of 5076 and 69512436.
1692
What is the greatest common divisor of 3919 and 3154454047?
3919
Calculate the greatest common divisor of 4500 and 4068.
36
Calculate the highest common divisor of 1427954 and 213004.
1034
What is the highest common divisor of 4036626 and 15?
3
What is the greatest common divisor of 58440580 and 2460?
820
What is the highest common divisor of 42 and 17107839?
21
Calculate the greatest common factor of 511 and 32252836.
7
Calculate the greatest common divisor of 1035 and 764874.
9
Calculate the highest common divisor of 3055415 and 100010.
365
Calculate the highest common factor of 506750 and 100.
50
What is the highest common divisor of 9842 and 137025245?
4921
What is the highest common divisor of 1499 and 20477839?
1499
Calculate the highest common divisor of 5298930 and 882.
126
Calculate the highest common factor of 93 and 7253628.
93
Calculate the highest common factor of 53831690 and 11.
11
What is the greatest common divisor of 138181332 and 48783?
6969
Calculate the greatest common factor of 73 and 88688357.
73
Calculate the greatest common factor of 38 and 620749076.
38
What is the greatest common factor of 1697560 and 52080?
1240
What is the highest common divisor of 12256 and 22592?
32
Calculate the greatest common divisor of 119862 and 48996.
18
Calculate the highest common divisor of 51324 and 130676.
364
What is the greatest common divisor of 7975405 and 5?
5
What is the highest common factor of 62272 and 126912?
64
Calculate the greatest common divisor of 155 and 7417525.
155
What is the highest common factor of 5346348 and 504?
84
What is the highest common divisor of 719536 and 680?
8
Calculate the highest common divisor of 3273 and 289557946.
1091
Calculate the greatest common factor of 22165 and 198640.
65
What is the highest common factor of 116 and 897992656?
116
What is the greatest common divisor of 5157 and 19482?
573
Calculate the highest common divisor of 64200 and 6051920.
4280
What is the highest common divisor of 84231 and 80577?
63
Calculate the greatest common factor of 1666630 and 1330.
70
Calculate the greatest common divisor of 18876865 and 1050.
35
Calculate the greatest common factor of 987 and 638547.
21
Calculate the greatest common divisor of 140725 and 2028325.
325
Calculate the greatest common divisor of 65911 and 6802709.
3469
Calculate the highest common divisor of 82689024 and 1056.
1056
Calculate the highest common factor of 770424 and 22560.
1128
What is the greatest common factor of 18 and 12985803?
9
Calculate the highest common factor of 37 and 1797706.
1
Calculate the greatest common factor of 63 and 2262537.
9
What is the greatest common divisor of 84 and 6445916?
4
What is the highest common factor of 12098637 and 3033?
3033
Calculate the greatest common factor of 2037762 and 2934.
18
Calculate the greatest common factor of 710 and 256519734.
142
What is the highest common factor of 274242713 and 76?
19
Calculate the greatest common factor of 4570855 and 88505.
2855
Calculate the highest common divisor of 12609 and 45299.
467
Calculate the greatest common factor of 301086 and 1020132.
774
Calculate the highest common divisor of 4672206 and 88.
22
What is the highest common factor of 331970 and 1093810?
890
Calculate the greatest common divisor of 113479553 and 110.
11
Calculate the greatest common divisor of 587494800 and 600.
600
What is the greatest common factor of 4229204 and 2497908?
3668
Calculate the greatest common factor of 2541 and 40368867.
2541
What is the greatest common divisor of 988836 and 185060?
76
What is the highest common factor of 1428286068 and 72?
36
Calculate the greatest common divisor of 14 and 1960623.
7
Calculate the greatest common factor of 420 and 67320750.
210
What is the highest common divisor of 1830202 and 470210?
7234
What is the greatest common factor of 147 and 3118101?
21
What is the greatest common divisor of 3676 and 23381198?
1838
What is the greatest common divisor of 156717728 and 9340?
1868
Calculate the highest common factor of 47442708 and 60.
12
Calculate the highest common factor of 37146 and 689919.
453
What is the greatest common factor of 405317355 and 215?
215
Calculate the greatest common divisor of 3546 and 33600123.
1773
What is the highest common divisor of 82954077 and 3174?
1587
Calculate the greatest common divisor of 16349704 and 8992.
2248
What is the greatest common divisor of 1911 and 7566286?
637
What is the highest common divisor of 56460900 and 1340?
1340
What is the highest common divisor of 3207502 and 39406?
122
What is the greatest common divisor of 222888015 and 20867?
1897
What is the greatest common factor of 21371 and 5241362?
497
Calculate the greatest common factor of 972 and 67142304.
108
What is the highest common factor of 21501 and 4383?
9
What is the highest common factor of 1232005 and 3397?
79
Calculate the greatest common factor of 824541900 and 420.
420
Calculate the greatest common divisor of 3959 and 11993523.
107
Calculate the greatest common factor of 2217467130 and 2026.
2026
What is the greatest common factor of 272808 and 755274?
2526
What is the greatest common factor of 4084920 and 771120?
2520
What is the greatest common factor of 616 and 2157022?
14
What is the greatest common factor of 576 and 11582944?
32
What is the highest common divisor of 2917535 and 2836?
709
What is the greatest common factor of 24118 and 354578?
62
What is the highest common factor of 2413 and 45975143?
127
Calculate the highest common factor of 32152041 and 18.
9
What is the highest common factor of 282 and 3730108?
94
Calculate the highest common divisor of 1781 and 4500998.
137
Calculate the greatest common factor of 346725 and 816615.
1035
Calculate the highest common divisor of 120 and 14803140.
60
What is the greatest common divisor of 180971 and 211974?
721
What is the greatest common divisor of 250 and 24646375?
125
Calculate the greatest common factor of 211496 and 1304.
8
Calculate the greatest common divisor of 1952 and 219953983.
61
Calculate the greatest common divisor of 94410010 and 22576.
2822
Calculate the greatest common divisor of 117182823 and 87.
87
Calculate the greatest common factor of 72742 and 40996.
74
Calculate the highest common divisor of 84 and 678090.
42
What is the highest common factor of 4112107 and 142?
71
What is the highest common factor of 23 and 179004216?
23
Calculate the greatest common factor of 4878720 and 5848128.
6336
What is the highest common divisor of 20375 and 160375?
125
What is the greatest common factor of 575452 and 514508?
1172
What is the greatest common divisor of 4082 and 10784958?
314
Calculate the highest common factor of 85528053 and 117.
117
Calculate the highest common divisor of 558107696 and 7406.
1058
Calculate the highest common factor of 954 and 188829.
9
What is the greatest common divisor of 412760 and 37027?
607
What is the greatest common divisor of 15885 and 5775786?
3177
Calculate the greatest common divisor of 2865322 and 402.
134
What is the greatest common divisor of 104145 and 5710485?
795
What is the highest common divisor of 5329466 and 238?
34
What is the highest common factor of 243474 and 56266?
14
What is the highest common factor of 1132026 and 66?
6
What is the greatest common divisor of 17121739 and 11415?
761
What is the highest common factor of 98132 and 416?
4
What is the highest common divisor of 7653895 and 15?
5
Calculate the greatest common divisor of 38 and 29061982.
38
What is the greatest common factor of 659303912 and 2344?
2344
Calculate the highest common divisor of 293585070 and 170.
170
What is the highest common factor of 2619 and 787590?
27
What is the highest common factor of 379727367 and 172?
43
Calculate the highest common factor of 214211578 and 28.
14
What is the highest common factor of 6804 and 39642624?
252
What is the highest common divisor of 65567475 and 85050?
6075
What is the greatest common diviso